
-233
What is -3 (base 9) in base 12?
-3
What is -10010 (base 2) in base 7?
-24
-360 (base 7) to base 15
-c9
What is 234 (base 7) in base 4?
1323
What is -95 (base 14) in base 7?
-245
What is -14 (base 6) in base 2?
-1010
Convert -19 (base 12) to base 11.
-1a
Convert 22 (base 12) to base 14.
1c
-25 (base 7) to base 2
-10011
-12 (base 7) to base 12
-9
What is 0 (base 8) in base 15?
0
Convert 10 (base 9) to base 7.
12
Convert 101 (base 3) to base 13.
a
Convert 2 (base 6) to base 8.
2
-5 (base 6) to base 2
-101
12 (base 10) to base 8
14
Convert 8 (base 16) to base 3.
22
What is -198 (base 13) in base 10?
-294
Convert 12 (base 10) to base 15.
c
Convert 10 (base 8) to base 6.
12
84 (base 14) to base 5
431
What is 11001001 (base 2) in base 10?
201
Convert -7 (base 10) to base 2.
-111
What is 1 (base 6) in base 7?
1
Convert 6 (base 11) to base 4.
12
What is 4 (base 14) in base 5?
4
Convert 5 (base 6) to base 12.
5
What is -3 (base 4) in base 8?
-3
What is -70 (base 11) in base 9?
-85
5 (base 9) to base 2
101
What is -10 (base 4) in base 7?
-4
15 (base 6) to base 10
11
Convert -8 (base 16) to base 5.
-13
Convert 1001 (base 2) to base 6.
13
Convert -24 (base 6) to base 2.
-10000
-2 (base 9) to base 11
-2
-c6 (base 15) to base 3
-20220
Convert -10110001 (base 2) to base 13.
-108
-10 (base 4) to base 9
-4
b (base 12) to base 4
23
What is -10010 (base 2) in base 5?
-33
-14 (base 8) to base 5
-22
What is 3c (base 13) in base 16?
33
Convert 20221 (base 3) to base 8.
273
Convert -5 (base 14) to base 4.
-11
What is -11 (base 3) in base 15?
-4
10 (base 8) to base 14
8
Convert -1 (base 3) to base 11.
-1
What is -12 (base 13) in base 7?
-21
Convert -130 (base 4) to base 9.
-31
Convert 11 (base 2) to base 3.
10
What is 8 (base 9) in base 10?
8
-3 (base 6) to base 12
-3
-2b (base 13) to base 9
-41
Convert -500 (base 8) to base 11.
-271
What is 23 (base 15) in base 6?
53
-1 (base 2) to base 8
-1
Convert -3 (base 10) to base 11.
-3
1110001 (base 2) to base 5
423
24 (base 6) to base 15
11
26 (base 12) to base 3
1010
What is 7 (base 11) in base 5?
12
101 (base 2) to base 15
5
5 (base 12) to base 8
5
Convert -11 (base 3) to base 15.
-4
Convert -19 (base 14) to base 9.
-25
6 (base 14) to base 11
6
-101 (base 2) to base 8
-5
-11 (base 11) to base 16
-c
12 (base 13) to base 6
23
Convert -2d (base 14) to base 8.
-51
-2120 (base 3) to base 10
-69
Convert -11101 (base 2) to base 10.
-29
Convert 11110010 (base 2) to base 4.
3302
What is -1120 (base 3) in base 7?
-60
Convert -30 (base 10) to base 12.
-26
What is 15 (base 10) in base 2?
1111
-3c (base 13) to base 9
-56
Convert -3 (base 10) to base 2.
-11
What is -2 (base 14) in base 10?
-2
Convert -142 (base 10) to base 7.
-262
4 (base 5) to base 12
4
What is -4 (base 11) in base 6?
-4
-16 (base 11) to base 10
-17
What is b (base 16) in base 3?
102
-222 (base 3) to base 15
-1b
131 (base 7) to base 16
47
What is 0 (base 16) in base 11?
0
-1 (base 4) to base 7
-1
What is -15 (base 7) in base 13?
-c
What is 56 (base 16) in base 13?
68
What is 0 (base 4) in base 16?
0
Convert -a3 (base 12) to base 15.
-83
Convert 434 (base 8) to base 16.
11c
101001 (base 2) to base 6
105
Convert 9 (base 10) to base 2.
1001
18 (base 10) to base 2
10010
1232 (base 4) to base 14
7c
-22 (base 5) to base 13
-c
What is -14 (base 12) in base 5?
-31
Convert e (base 16) to base 2.
1110
1 (base 13) to base 7
1
Convert -4 (base 11) to base 14.
-4
Convert 2 (base 11) to base 8.
2
100 (base 6) to base 5
121
What is 11201 (base 3) in base 2?
1111111
What is 15 (base 10) in base 16?
f
-139 (base 13) to base 3
-22001
Convert 19 (base 15) to base 16.
18
24 (base 5) to base 6
22
100111 (base 2) to base 15
29
-c (base 13) to base 4
-30
What is 35 (base 9) in base 10?
32
What is 0 (base 16) in base 6?
0
Convert -7 (base 8) to base 14.
-7
What is 111000 (base 2) in base 6?
132
What is 10 (base 2) in base 3?
2
Convert -a (base 11) to base 15.
-a
What is 110 (base 2) in base 6?
10
9 (base 12) to base 4
21
5 (base 10) to base 7
5
What is b (base 14) in base 2?
1011
What is 6 (base 15) in base 6?
10
Convert -65 (base 7) to base 2.
-101111
10 (base 2) to base 13
2
Convert 1 (base 13) to base 11.
1
Convert 57 (base 12) to base 15.
47
1 (base 7) to base 4
1
12 (base 9) to base 13
b
Convert -1 (base 12) to base 2.
-1
What is -c2 (base 16) in base 7?
-365
13 (base 16) to base 2
10011
Convert 221 (base 8) to base 2.
10010001
1310 (base 4) to base 2
1110100
88 (base 15) to base 11
107
What is 15 (base 10) in base 6?
23
Convert 4 (base 16) to base 12.
4
What is -1 (base 15) in base 16?
-1
Convert 98 (base 15) to base 2.
10001111
-11 (base 11) to base 6
-20
What is 10 (base 11) in base 5?
21
44 (base 7) to base 6
52
What is -101 (base 2) in base 5?
-10
100 (base 2) to base 12
4
What is 10 (base 3) in base 11?
3
What is -33 (base 7) in base 12?
-20
-5 (base 6) to base 8
-5
Convert -38 (base 10) to base 6.
-102
Convert 5 (base 15) to base 10.
5
Convert 1 (base 7) to base 2.
1
What is -111011 (base 2) in base 3?
-2012
What is 215 (base 6) in base 13?
65
-a (base 15) to base 3
-101
What is -7 (base 14) in base 16?
-7
What is 1442 (base 5) in base 2?
11110111
What is -3 (base 12) in base 7?
-3
-8 (base 14) to base 15
-8
Convert -1330 (base 4) to base 7.
-235
Convert -37 (base 9) to base 16.
-22
What is -20 (base 3) in base 10?
-6
Convert -12 (base 9) to base 14.
-b
What is -101010 (base 2) in base 5?
-132
71 (base 8) to base 12
49
-4 (base 15) to base 8
-4
Convert -441 (base 5) to base 2.
-1111001
What is -1 (base 11) in base 2?
-1
What is 60 (base 12) in base 7?
132
Convert -8 (base 9) to base 10.
-8
Convert 5 (base 13) to base 16.
5
What is 53 (base 14) in base 9?
81
Convert -112 (base 10) to base 3.
-11011
What is -102 (base 3) in base 13?
-b
-4 (base 8) to base 14
-4
What is 0 (base 7) in base 16?
0
-220 (base 3) to base 7
-33
What is 5 (base 16) in base 10?
5
-202 (base 4) to base 15
-24
Convert 3 (base 14) to base 11.
3
Convert 8 (base 13) to base 3.
22
Convert 30 (base 4) to base 7.
15
66 (base 8) to base 14
3c
What is -33 (base 16) in base 5?
-201
-4 (base 6) to base 12
-4
-4 (base 6) to base 14
-4
-1 (base 3) to base 15
-1
What is 10 (base 2) in base 3?
2
60 (base 8) to base 4
300
8 (base 13) to base 7
11
Convert -a8 (base 14) to base 9.
-174
Convert -13 (base 7) to base 11.
-a
Convert -1001000 (base 2) to base 5.
-242
-19 (base 11) to base 3
-202
Convert 17a (base 15) to base 4.
11110
What is 9d (base 15) in base 2?
10010100
-12110 (base 3) to base 10
-147
What is 10 (base 16) in base 15?
11
What is 11000 (base 2) in base 10?
24
Convert 0 (base 7) to base 5.
0
-2 (base 10) to base 8
-2
24 (base 7) to base 11
17
Convert 1101 (base 3) to base 10.
37
Convert 1000 (base 2) to base 15.
8
1 (base 3) to base 12
1
Convert -1201 (base 3) to base 4.
-232
What is -12 (base 5) in base 13?
-7
-5 (base 13) to base 10
-5
Convert -12 (base 7) to base 6.
-13
a (base 15) to base 4
22
-140 (base 5) to base 10
-45
Convert -203 (base 5) to base 11.
-49
-6d (base 14) to base 5
-342
-3 (base 10) to base 4
-3
3 (base 15) to base 10
3
Convert 1 (base 6) to base 2.
1
3 (base 5) to base 8
3
What is 440 (base 5) in base 15?
80
-5 (base 10) to base 11
-5
What is -1010 (base 2) in base 8?
-12
-6 (base 12) to base 9
-6
2 (base 7) to base 16
2
40 (base 6) to base 13
1b
Convert -97 (base 15) to base 3.
-12021
Convert -7 (base 13) to base 10.
-7
Convert -6 (base 8) to base 12.
-6
What is -40 (base 8) in base 15?
-22
What is 16 (base 15) in base 8?
25
Convert -4 (base 5) to base 10.
-4
What is -1110100 (base 2) in base 10?
-116
Convert 111 (base 3) to base 11.
12
58 (base 12) to base 5
233
-155 (base 8) to base 3
-11001
What is 4 (base 15) in base 2?
100
Convert -72 (base 10) to base 14.
-52
What is 104 (base 13) in base 14?
c5
Convert -1 (base 10) to base 4.
-1
2a (base 16) to base 4
222
What is 45 (base 13) in base 5?
212
Convert 88 (base 11) to base 15.
66
-4 (base 6) to base 15
-4
What is -10c (base 13) in base 12?
-131
Convert 29 (base 14) to base 13.
2b
What is -310 (base 5) in base 8?
-120
What is 16 (base 12) in base 14?
14
What is -1c7 (base 13) in base 7?
-653
Convert 31 (base 9) to base 3.
1001
What is 4 (base 15) in base 3?
11
Convert -1d (base 16) to base 14.
-21
301 (base 5) to base 4
1030
Wh